(z).
2, 5
Let b(t) = t**3 - 19*t**2 + 38*t - 214. What are the prime factors of b(24)?
2, 1789
Let u be (-15)/6 + (-168)/(-16). Suppose 4*p - u*p = -228. What are the prime factors of p?
3, 19
Let n(a) = 74*a**2 + 5*a + 5. What are the prime factors of n(-2)?
3, 97
List the prime factors of -5 + (-5 - -9) + 5 - -578.
2, 3, 97
Let t(v) = 3*v + 20. Let r be t(-6). List the prime factors of -474*r*(-5)/20.
3, 79
Let r(q) = -5 + 19*q - 8*q + 11*q - q**2. List the prime factors of r(9).
2, 7
Suppose -5*l - 3*j = -6*j + 96, -j - 45 = 2*l. Let b = 34 - 11. Let i = b - l. List the prime factors of i.
2, 11
Let h(j) = j**2 - 26*j + 16. Let u be h(25). List the prime factors of 81/u*-1*1.
3
Let h(i) = 15*i + 148. What are the prime factors of h(24)?
2, 127
What are the prime factors of (-3570)/(-272) - (-1)/(-8)?
13
Let l(m) = 179*m - 3. Let i be l(2). Let a = -209 + i. List the prime factors of a.
2, 73
Let i = -392 - -584. Suppose -4*v + 4*o + i = 0, 0*v - v = 3*o - 64. What are the prime factors of v?
2, 13
Suppose 12*x + 6*x = 33696. List the prime factors of x.
2, 3, 13
Let l(g) = g + 1. Let v be l(4). Suppose y = -6*m + 2*m + 15, 0 = -m - v*y + 18. Suppose m*h - 1 = 44. What are the prime factors of h?
3, 5
Suppose -6*y + 32 = 5*i - 4*y, 3*i + 3*y = 21. Suppose 0 = 2*b + 3*u - 13, -3*b - 5*u = -0*b - 19. What are the prime factors of i*8*10/b?
2, 3, 5
Let p(m) = 3753*m - 2. Let q be p(2). Let i be q/80 + (-1)/(-5). Let g = i + -59. List the prime factors of g.
5, 7
Let n be (-2)/(-5)*3*-5. Let d = 10 + n. Suppose 0*l + 2*l = d. List the prime factors of l.
2
Let s(v) = 73 - v**3 + 7*v - 2*v**2 - 70 + v**2 + 8*v**2. List the prime factors of s(7).
2, 13
Let a(f) = 99*f**3 - f**2 + 2*f + 3. Let i be a(-1). Let j = 83 + -146. Let v = j - i. What are the prime factors of v?
2, 3
Let l(y) = 2*y - 1. Let r be l(0). Let o = r + 132. List the prime factors of o.
131
Let i = 13518 - 9333. List the prime factors of i.
3, 5, 31
Let g = 28 - 23. What are the prime factors of ((-6)/g)/((-18)/1200)?
2, 5
Let q(t) = t**2 - 10*t + 19. Let r be q(6). List the prime factors of (21 - -6)/(r/(-4) - 1).
2, 3
Suppose 2*h = -0*h. Suppose h = 2*x - 4*x + 4. Suppose -x*n + 68 = -2. What are the prime factors of n?
5, 7
Let y = 694 + 347. List the prime factors of y.
3, 347
Suppose -f + 1615 = 2*o, -f - o = -46 - 1571. What are the prime factors of f?
1619
What are the prime factors of (740/30)/(16/(-9) + 2)?
3, 37
Let w(g) = g**2 + 14*g - 42. Let h be -3 + (3/7 - (-690)/(-42)). What are the prime factors of w(h)?
53
Let b = 84 + -41. Suppose -5*n + b = 8. Suppose 2*g - 57 + n = 0. What are the prime factors of g?
5
Suppose 440*x - 8928 = 416*x. List the prime factors of x.
2, 3, 31
Let z be 1/(-2) + (-55)/(-22) - 233. Let d = 366 + z. What are the prime factors of d?
3, 5
Let q = -2102 - -7103. What are the prime factors of q?
3, 1667
Suppose 0*w + 4*w - 2986 = 2*l, 4*l + 3725 = 5*w. List the prime factors of w.
7, 107
Suppose 5 = 5*p - 0. Let j(q) = 37*q. List the prime factors of j(p).
37
Let h = -27 + 25. List the prime factors of -4 - ((-69)/(-6))/(h/28).
157
Let o = 0 + 3. Suppose -3*r + 16 + 192 = s, 0 = 5*r + o*s - 352. List the prime factors of r.
2, 17
What are the prime factors of (504 - -4)/((-2)/(-3))?
2, 3, 127
Let b(f) = 3*f. Let m be b(2). Suppose m*s - 5*s - 6 = 0. List the prime factors of 118/s - 10/15.
19
Let h = 74 + -37. Let p = h + -3. What are the prime factors of p?
2, 17
Let i(g) = g**2 + 9*g + 4. Let o be (-11)/(-3) - (-1)/3. Let y be 2 - 10 - (o - 3). What are the prime factors of i(y)?
2
Let v(b) = -b - 1. Suppose -3*n + f = -0*f - 17, n - 7 = -f. Let x be v(n). Let g(d) = d**3 + 7*d**2 - 2*d - 3. What are the prime factors of g(x)?
11
Suppose 36 - 6 = -6*q. Let d(y) = -y**2 - 5*y + 2. Let c be d(q). Suppose 0*r - 5*a - 73 = -r, c*a - 122 = -2*r. List the prime factors of r.
3, 7
Let n(x) = x**3 + 7*x**2 - 7*x - 1. Let i be n(-8). Let p = -7 - i. Suppose -4*m + 0 = -2*u + 2, m = -p*u + 12. What are the prime factors of m?
2
Suppose -47 = 5*q - 227. Suppose q = 2*r + r. What are the prime factors of r?
2, 3
Let d(t) = -4*t**3 + 2*t**2 + 3*t - 4. Let u be d(1). What are the prime factors of (-774)/15*(-1)/(u/(-15))?
2, 3, 43
Let m(a) = 3*a**2 + 82*a + 90. What are the prime factors of m(-45)?
3, 5, 11
Let n(x) = -2*x**3 - x**2 + 11*x + 21. Suppose 0 = 2*g - 4*a + 14, 3*g + 3*a + 0*a + 12 = 0. List the prime factors of n(g).
191
Let r(j) = j**2 + 3*j - 1. Let g be r(-3). Let x be g*2 - (-10 - -4). Suppose -2*c - 3*s = -64, -c + 46 = -x*s + 14. What are the prime factors of c?
2
Let m be -3 - (-5 + (2 - 3)). Let f be m/12*4/1. List the prime factors of f + -1 - (-22 + -36).
2, 29
Let z(n) be the first derivative of 10/3*n**3 - 11/2*n**2 + 2*n + 3 + 1/4*n**4. List the prime factors of z(-11).
2
Suppose -4*u + 2*u + 2*k = -168, 3*u - 4*k - 247 = 0. Suppose -5*a + 4*t + 501 = 0, a + 2*t + 0*t - u = 0. What are the prime factors of a?
97
Let l = -1030 - -1700. What are the prime factors of l?
2, 5, 67
Suppose 0 = -q + 9 - 6. Suppose 3*o - 18 = -q. Suppose -86 = -2*j + 5*s, -5 = -o*s - 15. List the prime factors of j.
2, 19
Suppose 6 - 24 = -3*h. Suppose 4*c + x + 2*x - h = 0, -8 = -4*x. What are the prime factors of (-1)/((-2 + c)/58)?
29
Let h be (16 + -16)/(-1*2) - 0. Suppose 4*u - 3*o - 53 = h, 4*o + 14 + 9 = u. List the prime factors of u.
11
Suppose -5*t = -4 - 1. List the prime factors of (-3 - -5) + 69 - t.
2, 5, 7
Let h(c) = c**2 - 6*c + 1. Let k be h(5). Let o = k + 6. Suppose 0 = j + o*j - 18. List the prime factors of j.
2, 3
Let t be -3*5/(-25) + (-23)/5. List the prime factors of t/((-124)/41 - -3).
2, 41
Let i be (-2)/((-120)/(-182) + (-6)/9). Suppose -5*f + 0*h + 1409 = -h, -2*h + i = f. List the prime factors of f.
281
Suppose -4*m = 5*f + 11, -16 + 4 = 4*m + 4*f. Let n(h) = h + 4. Let r be n(m). Suppose r*c - 90 = -5*c. List the prime factors of c.
2, 3
Let d = 604 + -54. List the prime factors of d.
2, 5, 11
Let o be (-2)/(-1)*39/26. Suppose 2*p + 2*p = o*y - 57, -4*p + 95 = 5*y. List the prime factors of y.
19
Let i = 949 - 646. What are the prime factors of i?
3, 101
Suppose 0 = -2*r + f + 8, f + 0 = 2. Let b(w) = 22*w - 10. List the prime factors of b(r).
2, 5
Let j be (-3 + -2)*(156/10)/3. Let r = 5 + -8. Let f = r - j. List the prime factors of f.
23
Suppose 0 = 4*i - u - 3159, 747 = i + 3*u - 46. What are the prime factors of i?
2, 5, 79
Suppose a + 4*g - 11 = g, 0 = -2*a - 4*g + 18. Suppose 65 = v + 2*r, -2*v + a*r + 93 = -v. List the prime factors of v.
73
List the prime factors of ((-5325)/(-20))/((-6)/(-16)*1).
2, 5, 71
Suppose -3*m + 1536 = m. Let w(a) = a - 1. Let k be w(-2). List the prime factors of m/20 + k/15.
19
Let k = -37 - -149. Suppose -w - w + k = 0. List the prime factors of w.
2, 7
Let d be 6/(-21) + (-23)/(-7). Suppose -4*o + 9*o - d*b = 2, 3 = 5*o - 2*b. List the prime factors of 23*o - 15/5.
2, 5
Suppose -3*d + 0*d = m - 1124, -5*m - 1860 = -5*d. List the prime factors of d.
2, 11, 17
Let j(u) = 3*u - 43. Let z(k) = -k + 14. Let r(g) = -3*j(g) - 8*z(g). Let c be r(0). Let f = c - -5. What are the prime factors of f?
2, 11
Let j = 37 - -34. Let k = j - -15. List the prime factors of k.
2, 43
Let y(w) = 29*w - 8. Let q(j) = 59*j - 15. Let z(x) = -6*q(x) + 11*y(x). Let k = 1 + -2. List the prime factors of z(k).
37
Let u(b) = 4*b**3 - b**2 + 2*b + 267. List the prime factors of u(0).
3, 89
Let w(p) = p**2 + 3*p. Let m be w(-3). Suppose 4 = d - m. Suppose -b - d*b = -50. List the prime factors of b.
2, 5
Suppose -4*j + 24 = 36. Let m(h) = 8*h**2 + 6*h - 4. What are the prime factors of m(j)?
2, 5
Suppose -6*o + 378 = -0. List the prime factors of o.
3, 7
Let u = 6 - 6. Suppose 2*b - 2 - 8 = u. Suppose -2*y - b*x = -0*x - 42, -63 = -3*y + 3*x. List the prime factors of y.
3, 7
Suppose -2*z = z - 12. Let x be (-30)/(-4)*z/5. Let f(v) = -v**3 + 6*v**2 + 3*v + 2. List the prime factors of f(x).
2, 5
Suppose 4*r + 5*v = 5*r + 13, -4*r + 2*v = -2. Let a = r + 0. Suppose a*i = 6*i + n - 21, 4*n = 5*i. What are the prime factors of i?
2
Let z = -2470 - -3747. What are the prime factors of z?
1277
Let j(a) = -105*a - 22. List the prime factors of j(-9).
13, 71
Let x(a) = 159*a + 21. List the prime factors of x(3).
2